{"id":96,"date":"2021-07-18T08:40:56","date_gmt":"2021-07-18T08:40:56","guid":{"rendered":"https:\/\/demo.athemes.com\/botiga\/?post_type=product&#038;p=96"},"modified":"2023-05-06T19:07:46","modified_gmt":"2023-05-06T17:07:46","slug":"vinopure-pore-purifying-gel-cleanser-salicylic-acid-combination","status":"publish","type":"product","link":"https:\/\/www.miagefaellts.de\/?product=vinopure-pore-purifying-gel-cleanser-salicylic-acid-combination","title":{"rendered":"Tablett aus Beton"},"content":{"rendered":"<p>Unser n\u00e4chste Tablett im Sortiment. Durch seinen flachen Rand und das einfache Design sieht es schick und modern aus.<\/p>\n<p>Wir verwenden ausschlie\u00dflich hochwertigen Beton f\u00fcr unsere Objekte. Das gute St\u00fcck freut sich auf euch und w\u00fcrde gerne in eure Wohung einziehen. Sehr sch\u00f6n sehen Flaschen und Deko aller Art darauf aus.<\/p>\n<p>Jedes handgegossen und mit Impr\u00e4gnierung versiegelt. Lebensmittelecht.<\/p>\n<p>Zum Schutz vor Kratzern auf euren M\u00f6beln, verwenden wir h\u00fcbsche M\u00f6belschoner.<\/p>\n<p>Dieses Tablett kann man wunderbar als Schmuckablage benutzen oder f\u00fcr eure Schreibutensilien.<\/p>\n<p>Beton ist und bleibt nat\u00fcrlich ein &#8222;Naturprodukt&#8220; typische Vorkommnisse wie kleine Lufteinschl\u00fcsse versuchen wir zu reduzieren und aufgrund unseres hochwertigem selbstverdichtendem Betons sind die Objekte fast Luftblasen frei.<\/p>\n<p>Trotz Impr\u00e4gnierung ist zu beachten das Beton im Grunde nicht wasserdicht ist!<\/p>\n<p>Bearbeitungszeit: Unsere Produkte werden nach einer Bearbeitungszeit von 4-5 Tagen an euch versendet.<\/p>\n<p>Bitte beachtet Beton ist ein Naturprodukt. Kleine Luftblasen und eine rauhe Oberfl\u00e4che geh\u00f6ren dazu. Durch unsere Impr\u00e4gnierung wird das Produkt nicht ver\u00e4ndert.<\/p>\n<p>Breite ca. 18 cm<br \/>\nL\u00e4nge ca. 25,5 cm<br \/>\nH\u00f6he ca. 2 cm<br \/>\nProdukt wird ohne Deko verkauft.Kleinunternehmerin im Sinne von \u00a7 19 Abs. 1 UStG, daher keine MwSt.<\/p>\n","protected":false},"excerpt":{"rendered":"<p>Lorem ipsum dolor sit amet, consectetur adipiscing elit. Cras luctus congue nisi.<\/p>\n","protected":false},"featured_media":489,"template":"","meta":[],"product_brand":[],"product_cat":[39,44,46,45,43,41],"product_tag":[],"class_list":{"0":"post-96","1":"product","2":"type-product","3":"status-publish","4":"has-post-thumbnail","6":"product_cat-alle","7":"product_cat-badezimmer","8":"product_cat-buero","9":"product_cat-kueche","10":"product_cat-schlafzimmer","11":"product_cat-tabletts","13":"first","14":"instock","15":"shipping-taxable","16":"purchasable","17":"product-type-simple"},"_links":{"self":[{"href":"https:\/\/www.miagefaellts.de\/index.php?rest_route=\/wp\/v2\/product\/96","targetHints":{"allow":["GET"]}}],"collection":[{"href":"https:\/\/www.miagefaellts.de\/index.php?rest_route=\/wp\/v2\/product"}],"about":[{"href":"https:\/\/www.miagefaellts.de\/index.php?rest_route=\/wp\/v2\/types\/product"}],"wp:featuredmedia":[{"embeddable":true,"href":"https:\/\/www.miagefaellts.de\/index.php?rest_route=\/wp\/v2\/media\/489"}],"wp:attachment":[{"href":"https:\/\/www.miagefaellts.de\/index.php?rest_route=%2Fwp%2Fv2%2Fmedia&parent=96"}],"wp:term":[{"taxonomy":"product_brand","embeddable":true,"href":"https:\/\/www.miagefaellts.de\/index.php?rest_route=%2Fwp%2Fv2%2Fproduct_brand&post=96"},{"taxonomy":"product_cat","embeddable":true,"href":"https:\/\/www.miagefaellts.de\/index.php?rest_route=%2Fwp%2Fv2%2Fproduct_cat&post=96"},{"taxonomy":"product_tag","embeddable":true,"href":"https:\/\/www.miagefaellts.de\/index.php?rest_route=%2Fwp%2Fv2%2Fproduct_tag&post=96"}],"curies":[{"name":"wp","href":"https:\/\/api.w.org\/{rel}","templated":true}]}}