{"id":42,"date":"2021-07-17T10:42:05","date_gmt":"2021-07-17T10:42:05","guid":{"rendered":"https:\/\/demo.athemes.com\/botiga\/?post_type=product&#038;p=42"},"modified":"2025-07-12T01:54:34","modified_gmt":"2025-07-11T23:54:34","slug":"mini-radiant-creamy-concealer-and-blush-customizable-set","status":"publish","type":"product","link":"https:\/\/www.miagefaellts.de\/?product=mini-radiant-creamy-concealer-and-blush-customizable-set","title":{"rendered":"Kleine Buchstaben von A bis Z aus Beton"},"content":{"rendered":"<p>Diese h\u00fcbschen kleinen Buchstaben sind eine nette Deko. Entweder man benutzt sie so oder man klebt die mit einer Hei\u00dfklebepistole auf einen gew\u00fcnschten Untergrund.<\/p>\n<p>Nicht jeder Buchstabe steht von selbst das &#8222;J&#8220; macht \u00f6fters Probleme \ud83d\ude09<\/p>\n<p>Beton wirkt k\u00fchl, edel und hat eine wunderbare Haptik.<\/p>\n<p>Wir verwenden ausschlie\u00dflich hochwertigen Beton f\u00fcr unsere Objekte. Zus\u00e4tzlich wurden hier dem Beton zb. schwarze Pigmente vor dem gie\u00dfen hinzugef\u00fcgt<\/p>\n<p>Jedes handgegossen und mit Impr\u00e4gnierung versiegelt. Lebensmittelecht. Allerdings nicht Sp\u00fclmaschinenfest.<\/p>\n<p>Dekoidee f\u00fcr K\u00fcche \/ Bad, Flur, Schlafzimmer oder B\u00fcro. Kurzum f\u00fcr die gesamte Wohnung.<\/p>\n<p>Trotz Impr\u00e4gnierung ist zu beachten das Beton im Grunde nicht wasserdicht ist!<\/p>\n<p>Bearbeitungszeit: Unsere Produkte werden nach einer Bearbeitungszeit von 3-4 Tagen an euch versendet.<\/p>\n<p>Bitte beachtet Beton ist ein Naturprodukt. Kleine Luftblasen und eine rauhe Oberfl\u00e4che geh\u00f6ren dazu. Durch unsere Impr\u00e4gnierung wird das Produkt nicht ver\u00e4ndert.<\/p>\n<p>H\u00f6he : ca 5 cm<br \/>\nBreite: je nach Buchstabe breitester Buchstabe hat 5 cm<br \/>\nTiefe: ca. 1,5- 2 cm<\/p>\n<p>Produkt wird ohne Deko verkauft.Kleinunternehmerin im Sinne von \u00a7 19 Abs. 1 UStG, daher keine MwSt.<\/p>\n","protected":false},"excerpt":{"rendered":"<p>Kleine Buchstaben von A bis Z aus Beton, 1 St\u00fcck, 1 Buchstabe<\/p>\n","protected":false},"featured_media":542,"template":"","meta":[],"product_brand":[],"product_cat":[39,38],"product_tag":[51,50,61,49,62,66,58,67,59,54,64,53,63,52,56,68,57,60,55,65],"class_list":{"0":"post-42","1":"product","2":"type-product","3":"status-publish","4":"has-post-thumbnail","6":"product_cat-alle","7":"product_cat-dekoration","8":"product_tag-abc-jesomite-aehnlich","9":"product_tag-bastelbedarf-aus-beton","10":"product_tag-besondere-deko","11":"product_tag-buchstaben","12":"product_tag-dekoration","13":"product_tag-fuers-zuhause","14":"product_tag-gelb","15":"product_tag-gemuetlich","16":"product_tag-geschenk-fuer-sie","17":"product_tag-grau","18":"product_tag-huebsch","19":"product_tag-namen-individuell","20":"product_tag-robust","21":"product_tag-schrift","22":"product_tag-schwarz","23":"product_tag-schwedischer-stil","24":"product_tag-terrakotta","25":"product_tag-ueberraschung","26":"product_tag-weiss","27":"product_tag-wohnungsdekoration","29":"first","30":"instock","31":"shipping-taxable","32":"purchasable","33":"product-type-simple"},"_links":{"self":[{"href":"https:\/\/www.miagefaellts.de\/index.php?rest_route=\/wp\/v2\/product\/42","targetHints":{"allow":["GET"]}}],"collection":[{"href":"https:\/\/www.miagefaellts.de\/index.php?rest_route=\/wp\/v2\/product"}],"about":[{"href":"https:\/\/www.miagefaellts.de\/index.php?rest_route=\/wp\/v2\/types\/product"}],"wp:featuredmedia":[{"embeddable":true,"href":"https:\/\/www.miagefaellts.de\/index.php?rest_route=\/wp\/v2\/media\/542"}],"wp:attachment":[{"href":"https:\/\/www.miagefaellts.de\/index.php?rest_route=%2Fwp%2Fv2%2Fmedia&parent=42"}],"wp:term":[{"taxonomy":"product_brand","embeddable":true,"href":"https:\/\/www.miagefaellts.de\/index.php?rest_route=%2Fwp%2Fv2%2Fproduct_brand&post=42"},{"taxonomy":"product_cat","embeddable":true,"href":"https:\/\/www.miagefaellts.de\/index.php?rest_route=%2Fwp%2Fv2%2Fproduct_cat&post=42"},{"taxonomy":"product_tag","embeddable":true,"href":"https:\/\/www.miagefaellts.de\/index.php?rest_route=%2Fwp%2Fv2%2Fproduct_tag&post=42"}],"curies":[{"name":"wp","href":"https:\/\/api.w.org\/{rel}","templated":true}]}}